 base 2?
-11
10 (base 6) to base 4
12
Convert -123 (base 9) to base 4.
-1212
What is -61 (base 11) in base 7?
-124
What is -14 (base 8) in base 6?
-20
11 (base 2) to base 16
3
What is 424 (base 5) in base 15?
79
What is 304 (base 6) in base 8?
160
Convert 2b (base 16) to base 9.
47
Convert -3 (base 10) to base 5.
-3
-31 (base 9) to base 14
-20
What is 100 (base 2) in base 7?
4
-211 (base 4) to base 12
-31
What is 3 (base 9) in base 3?
10
0 (base 3) to base 8
0
-1f (base 16) to base 5
-111
Convert 0 (base 11) to base 9.
0
Convert -10 (base 10) to base 15.
-a
0 (base 13) to base 7
0
-20 (base 3) to base 4
-12
Convert 117 (base 15) to base 4.
3313
Convert 2a (base 13) to base 3.
1100
17 (base 13) to base 4
110
Convert -2 (base 14) to base 7.
-2
Convert 10 (base 2) to base 9.
2
Convert 5 (base 8) to base 6.
5
What is -160 (base 7) in base 9?
-111
Convert -10 (base 16) to base 14.
-12
What is -1d (base 14) in base 13?
-21
What is 6 (base 12) in base 7?
6
-1 (base 4) to base 15
-1
-112 (base 3) to base 7
-20
What is -1000 (base 3) in base 9?
-30
What is 2a (base 11) in base 9?
35
What is 2111 (base 3) in base 2?
1000011
111 (base 3) to base 4
31
Convert 1210 (base 5) to base 6.
500
Convert 120 (base 6) to base 12.
40
Convert 9 (base 10) to base 9.
10
Convert 2 (base 16) to base 7.
2
What is 1 (base 5) in base 11?
1
135 (base 10) to base 16
87
27 (base 13) to base 6
53
What is -44 (base 5) in base 6?
-40
Convert 2 (base 8) to base 16.
2
27 (base 11) to base 6
45
1241 (base 5) to base 10
196
Convert 21 (base 5) to base 4.
23
What is b3 (base 16) in base 9?
218
-5 (base 10) to base 14
-5
Convert -5 (base 13) to base 7.
-5
What is 1 (base 15) in base 12?
1
Convert -30 (base 4) to base 16.
-c
Convert 2 (base 15) to base 14.
2
Convert -29 (base 13) to base 8.
-43
Convert 1011 (base 3) to base 12.
27
1231 (base 4) to base 11
9a
What is 1 (base 9) in base 6?
1
Convert -3 (base 10) to base 5.
-3
-1 (base 6) to base 10
-1
Convert -1001 (base 2) to base 6.
-13
What is 2 (base 5) in base 6?
2
What is 2 (base 10) in base 4?
2
11 (base 2) to base 16
3
4 (base 15) to base 12
4
Convert 134 (base 15) to base 2.
100010010
Convert 2000 (base 3) to base 7.
105
-2b (base 13) to base 14
-29
Convert -35 (base 6) to base 11.
-21
What is 28 (base 16) in base 3?
1111
-3 (base 13) to base 11
-3
2 (base 16) to base 2
10
19 (base 15) to base 5
44
Convert -11302 (base 4) to base 7.
-1036
Convert 62 (base 12) to base 11.
68
Convert -10 (base 3) to base 4.
-3
What is -10 (base 2) in base 10?
-2
Convert -25 (base 6) to base 16.
-11
What is 43 (base 7) in base 8?
37
What is -11 (base 11) in base 3?
-110
105 (base 7) to base 5
204
Convert 4 (base 16) to base 7.
4
-197 (base 11) to base 4
-3203
30 (base 10) to base 6
50
b (base 16) to base 13
b
3 (base 8) to base 9
3
Convert 11010111 (base 2) to base 7.
425
c8 (base 16) to base 6
532
Convert 1 (base 3) to base 15.
1
What is 0 (base 7) in base 5?
0
What is 6 (base 11) in base 4?
12
231 (base 4) to base 8
55
What is -10 (base 12) in base 2?
-1100
33 (base 15) to base 4
300
2 (base 4) to base 10
2
What is -1 (base 6) in base 2?
-1
What is -232 (base 7) in base 14?
-89
What is 10 (base 2) in base 12?
2
What is 1b (base 15) in base 13?
20
-d (base 14) to base 8
-15
What is -22 (base 11) in base 5?
-44
1 (base 11) to base 2
1
c (base 13) to base 6
20
-4 (base 5) to base 7
-4
20 (base 10) to base 5
40
-183 (base 15) to base 7
-1005
7b (base 16) to base 12
a3
-22 (base 3) to base 7
-11
What is -6 (base 15) in base 16?
-6
What is 4 (base 13) in base 11?
4
-34 (base 6) to base 2
-10110
Convert -15 (base 13) to base 3.
-200
Convert 30 (base 16) to base 6.
120
Convert 51 (base 11) to base 14.
40
What is -7 (base 11) in base 16?
-7
-1ab (base 14) to base 5
-2342
-75 (base 16) to base 13
-90
Convert 23 (base 7) to base 14.
13
What is 1110 (base 2) in base 3?
112
Convert -18 (base 14) to base 10.
-22
Convert -1 (base 9) to base 16.
-1
Convert -1232 (base 4) to base 3.
-11002
What is -11 (base 11) in base 12?
-10
Convert 0 (base 14) to base 6.
0
What is 58 (base 9) in base 15?
38
15 (base 7) to base 16
c
What is 1 (base 9) in base 6?
1
11 (base 4) to base 14
5
What is 0 (base 6) in base 3?
0
Convert 103 (base 4) to base 3.
201
What is a3 (base 12) in base 7?
234
-4 (base 8) to base 9
-4
What is 2203 (base 4) in base 11?
139
What is 6 (base 11) in base 8?
6
What is -3 (base 13) in base 15?
-3
-4 (base 6) to base 10
-4
What is -100110 (base 2) in base 5?
-123
Convert 123 (base 5) to base 7.
53
2 (base 4) to base 14
2
What is a (base 14) in base 13?
a
Convert 2 (base 11) to base 2.
10
-3 (base 4) to base 13
-3
-1 (base 4) to base 15
-1
-3 (base 7) to base 3
-10
-6 (base 12) to base 11
-6
What is -24 (base 5) in base 15?
-e
What is -21 (base 4) in base 14?
-9
5 (base 10) to base 3
12
Convert -20 (base 6) to base 12.
-10
-52 (base 11) to base 5
-212
What is -44 (base 7) in base 4?
-200
66 (base 13) to base 5
314
-34 (base 7) to base 5
-100
What is 1354 (base 6) in base 13?
217
Convert -10 (base 7) to base 3.
-21
-b0 (base 12) to base 11
-110
1001 (base 5) to base 2
1111110
What is 62 (base 8) in base 4?
302
26 (base 16) to base 2
100110
Convert 120 (base 4) to base 5.
44
What is 0 (base 6) in base 15?
0
Convert -20 (base 5) to base 3.
-101
Convert -3 (base 14) to base 7.
-3
What is 131 (base 4) in base 9?
32
-4 (base 11) to base 4
-10
What is 251 (base 13) in base 12?
298
-18 (base 15) to base 2
-10111
Convert d (base 15) to base 8.
15
Convert 647 (base 8) to base 9.
520
2114 (base 5) to base 12
1b8
Convert 26 (base 15) to base 13.
2a
What is -11 (base 3) in base 14?
-4
Convert -11 (base 3) to base 10.
-4
1010 (base 2) to base 7
13
201 (base 3) to base 13
16
Convert 2 (base 12) to base 7.
2
What is -4 (base 14) in base 11?
-4
-50 (base 15) to base 12
-63
What is 22 (base 3) in base 10?
8
What is -1 (base 11) in base 9?
-1
Convert 463 (base 7) to base 12.
181
What is -a (base 11) in base 2?
-1010
What is -2 (base 4) in base 2?
-10
What is 1 (base 14) in base 7?
1
-131 (base 7) to base 6
-155
63 (base 8) to base 7
102
What is 211 (base 5) in base 9?
62
165 (base 11) to base 3
21010
What is 11011 (base 2) in base 14?
1d
1d0 (base 14) to base 2
101111010
Convert 40 (base 9) to base 2.
100100
Convert 4 (base 9) to base 15.
4
Convert -9 (base 10) to base 16.
-9
100 (base 2) to base 5
4
Convert 11 (base 4) to base 6.
5
5 (base 10) to base 2
101
-1004 (base 6) to base 5
-1340
Convert -13 (base 10) to base 3.
-111
243 (base 5) to base 8
111
20 (base 9) to base 6
30
Convert -62 (base 12) to base 2.
-1001010
Convert -27 (base 12) to base 6.
-51
Convert 0 (base 5) to base 6.
0
-1000100 (base 2) to base 3
-2112
Convert 105 (base 8) to base 9.
76
Convert -4 (base 10) to base 14.
-4
Convert 1 (base 2) to base 16.
1
37 (base 11) to base 7
55
35 (base 9) to base 13
26
Convert -4 (base 5) to base 16.
-4
-2 (base 3) to base 16
-2
-2 (base 5) to base 15
-2
-22 (base 5) to base 2
-1100
7 (base 14) to base 16
7
What is 64 (base 12) in base 8?
114
What is 7 (base 10) in base 8?
7
What is -164 (base 7) in base 13?
-74
Convert 10 (base 11) to base 5.
21
1143 (base 5) to base 9
212
-11 (base 8) to base 10
-9
What is -4 (base 8) in base 11?
-4
100111 (base 2) to base 3
1110
Convert -1 (base 16) to base 12.
-1
5e (base 15) to base 7
155
Convert 2 (base 14) to base 16.
2
What is -4 (base 7) in base 15?
-4
What is -1220 (base 3) in base 11?
-47
-2 (base 8) to base 7
-2
What is 56 (base 12) in base 7?
123
Convert 1 (base 3) to base 9.
1
-2 (base 3) to base 9
-2
Convert 9a (base 14) to base 12.
b4
-4 (base 10) to base 5
-4
Convert 2d (base 16) to base 4.
231
-2 (base 6) to base 12
-2
What is 15 (base 11) in base 7?
22
What is -5 (base 13) in base 2?
-101
Convert 2 (base 3) to base 11.
2
-255 (base 7) to base 14
-9c
Convert -133 (base 8) to base 11.
-83
Convert -1 (base 16) to base 8.
-1
Convert 7 (base 15) to base 9.
7
What is -3 (base 14) in base 3?
-10
What is 22 (base 12) in base 10?
26
Convert -211 (base 4) to base 15.
-27
1 (base 13) to base 4
1
What is -202 (base 3) in base 7?
-26
0 (base 13) to base 16
0
Convert -4 (base 11) to base 9.
-4
What is 3 (base 8) in base 15?
3
What is 42 (base 8) in base 12?
2a
What is 56 (base 8) in base 9?
51
What is 1a (base 11) in base 5?
41
C